{"id":3,"date":"2024-03-21T18:04:06","date_gmt":"2024-03-21T17:04:06","guid":{"rendered":"https:\/\/kiberatunghessen.com\/?page_id=3"},"modified":"2026-01-12T11:40:43","modified_gmt":"2026-01-12T10:40:43","slug":"elementor-page-689","status":"publish","type":"page","link":"https:\/\/kiberatunghessen.com\/index.php\/elementor-page-689\/","title":{"rendered":"Vertraulichkeit"},"content":{"rendered":"\t\t<div data-elementor-type=\"wp-page\" data-elementor-id=\"3\" class=\"elementor elementor-3\" data-elementor-post-type=\"page\">\n\t\t\t\t<div class=\"elementor-element elementor-element-0b952d3 e-flex e-con-boxed wpr-particle-no wpr-jarallax-no wpr-parallax-no wpr-sticky-section-no e-con e-parent\" data-id=\"0b952d3\" data-element_type=\"container\">\n\t\t\t\t\t<div class=\"e-con-inner\">\n\t\t\t\t<div class=\"elementor-element elementor-element-41cb316 elementor-widget elementor-widget-heading\" data-id=\"41cb316\" data-element_type=\"widget\" data-widget_type=\"heading.default\">\n\t\t\t\t<div class=\"elementor-widget-container\">\n\t\t\t<style>\/*! elementor - v3.21.0 - 18-04-2024 *\/\n.elementor-heading-title{padding:0;margin:0;line-height:1}.elementor-widget-heading .elementor-heading-title[class*=elementor-size-]>a{color:inherit;font-size:inherit;line-height:inherit}.elementor-widget-heading .elementor-heading-title.elementor-size-small{font-size:15px}.elementor-widget-heading .elementor-heading-title.elementor-size-medium{font-size:19px}.elementor-widget-heading .elementor-heading-title.elementor-size-large{font-size:29px}.elementor-widget-heading .elementor-heading-title.elementor-size-xl{font-size:39px}.elementor-widget-heading .elementor-heading-title.elementor-size-xxl{font-size:59px}<\/style><h2 class=\"elementor-heading-title elementor-size-default\">Vertraulichkeit<\/h2>\t\t<\/div>\n\t\t\t\t<\/div>\n\t\t\t\t<div class=\"elementor-element elementor-element-47b1ccc elementor-widget elementor-widget-text-editor\" data-id=\"47b1ccc\" data-element_type=\"widget\" data-widget_type=\"text-editor.default\">\n\t\t\t\t<div class=\"elementor-widget-container\">\n\t\t\t<style>\/*! elementor - v3.21.0 - 18-04-2024 *\/\n.elementor-widget-text-editor.elementor-drop-cap-view-stacked .elementor-drop-cap{background-color:#69727d;color:#fff}.elementor-widget-text-editor.elementor-drop-cap-view-framed .elementor-drop-cap{color:#69727d;border:3px solid;background-color:transparent}.elementor-widget-text-editor:not(.elementor-drop-cap-view-default) .elementor-drop-cap{margin-top:8px}.elementor-widget-text-editor:not(.elementor-drop-cap-view-default) .elementor-drop-cap-letter{width:1em;height:1em}.elementor-widget-text-editor .elementor-drop-cap{float:left;text-align:center;line-height:1;font-size:50px}.elementor-widget-text-editor .elementor-drop-cap-letter{display:inline-block}<\/style>\t\t\t\t<h5>Definitionen<\/h5>\n<ul>\n    <li><strong>Der Herausgeber<\/strong>: Die nat\u00fcrliche oder juristische Person, die Online-Kommunikationsdienste ver\u00f6ffentlicht.<\/li>\n    <li><strong>Die Webseite<\/strong>: Alle Websites, Internetseiten und Online-Dienste, die vom Herausgeber angeboten werden.<\/li>\n    <li><strong>Der Benutzer<\/strong>: Die Person, die die Webseite und die Dienste nutzt.<\/li>\n<\/ul>\n<h4>1. Art der gesammelten Daten<\/h4>\n<p>Im Rahmen der Nutzung der Webseiten kann der Herausgeber folgende Kategorien von Daten \u00fcber seine Benutzer sammeln:<\/p>\n<ul>\n    <li>Verbindungsdaten (IP-Adressen, Ereignisprotokolle&#8230;)<\/li>\n<\/ul>\n<h4>2. Vorabinformationen f\u00fcr die \u00dcbermittlung personenbezogener Daten an Dritte im Falle einer Fusion\/Akquisition<\/h4>\n<h5>Vorabinformation und Opt-out vor und nach der Fusion\/Akquisition<\/h5>\n<p>Im Falle einer Beteiligung an einer Fusion, Akquisition oder einer anderen Form des Verm\u00f6genstransfers verpflichten wir uns, die Vertraulichkeit Ihrer personenbezogenen Daten sicherzustellen und Sie zu informieren, bevor sie \u00fcbertragen oder neuen Datenschutzregeln unterliegen.<\/p>\n<h4>3. Erfassung von Identit\u00e4tsdaten<\/h4>\n<h5>Kostenlose Beratung<\/h5>\n<p>Das Durchsuchen der Webseite erfordert keine vorherige Registrierung oder Identifikation. Es kann ohne Angabe pers\u00f6nlicher Daten (Name, Vorname, Adresse, etc.) erfolgen. Wir erfassen keine pers\u00f6nlichen Daten f\u00fcr einfaches Durchsuchen der Webseite.<\/p>\n<h4>4. Erfassung von Endger\u00e4tedaten<\/h4>\n<h5>Erfassung von Profilierungs- und technischen Daten zur Dienstbereitstellung<\/h5>\n<p>Einige technische Daten Ihres Ger\u00e4ts werden automatisch von der Webseite erfasst. Diese Informationen umfassen Ihre IP-Adresse, Internetdienstanbieter, Hardwarekonfiguration, Softwarekonfiguration, Browsertyp und Sprache&#8230; Die Erfassung dieser Daten ist f\u00fcr die Bereitstellung der Dienste erforderlich.<\/p>\n<h5>Erfassung von technischen Daten f\u00fcr Werbe-, kommerzielle und statistische Zwecke<\/h5>\n<p>Technische Daten Ihres Ger\u00e4ts werden automatisch von der Webseite f\u00fcr Werbe-, kommerzielle und statistische Zwecke erfasst und aufgezeichnet. Diese Informationen helfen uns, Ihre Erfahrung auf unserer Webseite zu personalisieren und kontinuierlich zu verbessern. Wir erfassen oder speichern keine pers\u00f6nlichen Daten (Name, Vorname, Adresse, etc.), die mit technischen Daten in Verbindung gebracht werden k\u00f6nnen. Die erfassten Daten k\u00f6nnen an Dritte verkauft werden.<\/p>\n<h4>5. Aufbewahrung von technischen Daten<\/h4>\n<h5>Dauer der Aufbewahrung von technischen Daten<\/h5>\n<p>Technische Daten werden f\u00fcr die zur Erreichung der oben genannten Zwecke unbedingt erforderliche Dauer aufbewahrt.<\/p>\n<h4>6. Konto-L\u00f6schung<\/h4>\n<h5>Konto-L\u00f6schung auf Anfrage<\/h5>\n<p>Der Benutzer hat die M\u00f6glichkeit, sein Konto jederzeit zu l\u00f6schen, indem er dies einfach beim Herausgeber anfordert ODER \u00fcber das Men\u00fc zur Kontol\u00f6schung in den Kontoeinstellungen, falls zutreffend.<\/p>\n<h5>Konto-L\u00f6schung im Falle eines Versto\u00dfes gegen die Datenschutzrichtlinie<\/h5>\n<p>Im Falle eines Versto\u00dfes gegen eine oder mehrere Bestimmungen der Datenschutzrichtlinie oder eines anderen hierin durch Bezugnahme aufgenommenen Dokuments beh\u00e4lt sich der Herausgeber das Recht vor, ohne vorherige Ank\u00fcndigung und nach eigenem Ermessen Ihre Nutzung und den Zugang zu den Diensten, Ihrem Konto und allen Webseiten zu beenden oder einzuschr\u00e4nken.<\/p>\n<h4>7. \u00dcbertragung personenbezogener Daten ins Ausland<\/h4>\n<h5>Keine \u00dcbertragung au\u00dferhalb der Europ\u00e4ischen Union<\/h5>\n<p>Der Herausgeber verpflichtet sich, die personenbezogenen Daten seiner Benutzer nicht au\u00dferhalb der Europ\u00e4ischen Union zu \u00fcbertragen.<\/p>\n<p>Weitere Informationen zum Datenschutz weltweit finden Sie unter <a href=\"https:\/\/www.cnil.fr\/fr\/la-protection-des-donnees-dans-le-monde\">https:\/\/www.cnil.fr\/fr\/la-protection-des-donnees-dans-le-monde<\/a>.<\/p>\n<h4>8. \u00c4nderung der Datenschutzrichtlinie<\/h4>\n<h5>Im Falle einer \u00c4nderung dieser Datenschutzrichtlinie Verpflichtung, das Datenschutzniveau ohne vorherige Benachrichtigung der betroffenen Parteien nicht wesentlich zu senken<\/h5>\n<p>Wir verpflichten uns, Sie im Falle einer wesentlichen \u00c4nderung dieser Datenschutzrichtlinie zu informieren und das Datenschutzniveau Ihrer Daten nicht wesentlich zu senken, ohne Sie zu informieren und Ihre Zustimmung einzuholen.<\/p>\n<h4>9. Anwendbares Recht und Rechtsbehelfe<\/h4>\n<h5>Schiedsvereinbarung<\/h5>\n<p>Sie erkl\u00e4ren sich ausdr\u00fccklich damit einverstanden, dass Streitigkeiten aus dieser Datenschutzrichtlinie, einschlie\u00dflich ihrer Auslegung oder Durchf\u00fchrung, einem Schiedsverfahren unterliegen, das nach den Regeln der von gegenseitiger Vereinbarung gew\u00e4hlten Schiedsplattform durchgef\u00fchrt wird, der Sie ohne Vorbehalt beitreten.<\/p>\n\t\t\t\t\t\t<\/div>\n\t\t\t\t<\/div>\n\t\t\t\t\t<\/div>\n\t\t\t\t<\/div>\n\t\t\t\t<\/div>\n\t\t","protected":false},"excerpt":{"rendered":"<p>Definitionen Der Herausgeber: Die nat\u00fcrliche oder juristische Person, die Online-Kommunikationsdienste ver\u00f6ffentlicht. Die Webseite: Alle Websites, Internetseiten und Online-Dienste, die vom Herausgeber angeboten werden. Der Benutzer: Die Person, die die Webseite und die Dienste nutzt. 1. Art der gesammelten Daten Im Rahmen der Nutzung der Webseiten kann der Herausgeber folgende Kategorien von Daten \u00fcber seine Benutzer [&hellip;]<\/p>\n","protected":false},"author":1,"featured_media":786,"parent":0,"menu_order":0,"comment_status":"closed","ping_status":"closed","template":"","meta":{"footnotes":""},"yoast_head":"<!-- This site is optimized with the Yoast SEO plugin v22.5 - https:\/\/yoast.com\/wordpress\/plugins\/seo\/ -->\n<title>Vertraulichkeit - KI Beratung Hessen<\/title>\n<meta name=\"robots\" content=\"index, follow, max-snippet:-1, max-image-preview:large, max-video-preview:-1\" \/>\n<link rel=\"canonical\" href=\"https:\/\/kiberatunghessen.com\/index.php\/elementor-page-689\/\" \/>\n<meta property=\"og:locale\" content=\"en_US\" \/>\n<meta property=\"og:type\" content=\"article\" \/>\n<meta property=\"og:title\" content=\"Vertraulichkeit - KI Beratung Hessen\" \/>\n<meta property=\"og:description\" content=\"Definitionen Der Herausgeber: Die nat\u00fcrliche oder juristische Person, die Online-Kommunikationsdienste ver\u00f6ffentlicht. Die Webseite: Alle Websites, Internetseiten und Online-Dienste, die vom Herausgeber angeboten werden. Der Benutzer: Die Person, die die Webseite und die Dienste nutzt. 1. Art der gesammelten Daten Im Rahmen der Nutzung der Webseiten kann der Herausgeber folgende Kategorien von Daten \u00fcber seine Benutzer [&hellip;]\" \/>\n<meta property=\"og:url\" content=\"https:\/\/kiberatunghessen.com\/index.php\/elementor-page-689\/\" \/>\n<meta property=\"og:site_name\" content=\"KI Beratung Hessen\" \/>\n<meta property=\"article:modified_time\" content=\"2026-01-12T10:40:43+00:00\" \/>\n<meta property=\"og:image\" content=\"https:\/\/kiberatunghessen.com\/wp-content\/uploads\/2025\/05\/cropped-ChatGPT-Image-22.-Mai-2025-06_32_08-2.png\" \/>\n\t<meta property=\"og:image:width\" content=\"512\" \/>\n\t<meta property=\"og:image:height\" content=\"512\" \/>\n\t<meta property=\"og:image:type\" content=\"image\/png\" \/>\n<meta name=\"twitter:card\" content=\"summary_large_image\" \/>\n<meta name=\"twitter:label1\" content=\"Est. reading time\" \/>\n\t<meta name=\"twitter:data1\" content=\"3 minutes\" \/>\n<script type=\"application\/ld+json\" class=\"yoast-schema-graph\">{\"@context\":\"https:\/\/schema.org\",\"@graph\":[{\"@type\":\"WebPage\",\"@id\":\"https:\/\/kiberatunghessen.com\/index.php\/elementor-page-689\/\",\"url\":\"https:\/\/kiberatunghessen.com\/index.php\/elementor-page-689\/\",\"name\":\"Vertraulichkeit - KI Beratung Hessen\",\"isPartOf\":{\"@id\":\"https:\/\/kiberatunghessen.com\/#website\"},\"primaryImageOfPage\":{\"@id\":\"https:\/\/kiberatunghessen.com\/index.php\/elementor-page-689\/#primaryimage\"},\"image\":{\"@id\":\"https:\/\/kiberatunghessen.com\/index.php\/elementor-page-689\/#primaryimage\"},\"thumbnailUrl\":\"https:\/\/kiberatunghessen.com\/wp-content\/uploads\/2025\/05\/cropped-ChatGPT-Image-22.-Mai-2025-06_32_08-2.png\",\"datePublished\":\"2024-03-21T17:04:06+00:00\",\"dateModified\":\"2026-01-12T10:40:43+00:00\",\"breadcrumb\":{\"@id\":\"https:\/\/kiberatunghessen.com\/index.php\/elementor-page-689\/#breadcrumb\"},\"inLanguage\":\"en-US\",\"potentialAction\":[{\"@type\":\"ReadAction\",\"target\":[\"https:\/\/kiberatunghessen.com\/index.php\/elementor-page-689\/\"]}]},{\"@type\":\"ImageObject\",\"inLanguage\":\"en-US\",\"@id\":\"https:\/\/kiberatunghessen.com\/index.php\/elementor-page-689\/#primaryimage\",\"url\":\"https:\/\/kiberatunghessen.com\/wp-content\/uploads\/2025\/05\/cropped-ChatGPT-Image-22.-Mai-2025-06_32_08-2.png\",\"contentUrl\":\"https:\/\/kiberatunghessen.com\/wp-content\/uploads\/2025\/05\/cropped-ChatGPT-Image-22.-Mai-2025-06_32_08-2.png\",\"width\":512,\"height\":512},{\"@type\":\"BreadcrumbList\",\"@id\":\"https:\/\/kiberatunghessen.com\/index.php\/elementor-page-689\/#breadcrumb\",\"itemListElement\":[{\"@type\":\"ListItem\",\"position\":1,\"name\":\"Startseite\",\"item\":\"https:\/\/kiberatunghessen.com\/\"},{\"@type\":\"ListItem\",\"position\":2,\"name\":\"Vertraulichkeit\"}]},{\"@type\":\"WebSite\",\"@id\":\"https:\/\/kiberatunghessen.com\/#website\",\"url\":\"https:\/\/kiberatunghessen.com\/\",\"name\":\"KI Beratung Hessen\",\"description\":\"Ihr Weg zur KI-Exzellenz\",\"publisher\":{\"@id\":\"https:\/\/kiberatunghessen.com\/#organization\"},\"potentialAction\":[{\"@type\":\"SearchAction\",\"target\":{\"@type\":\"EntryPoint\",\"urlTemplate\":\"https:\/\/kiberatunghessen.com\/?s={search_term_string}\"},\"query-input\":\"required name=search_term_string\"}],\"inLanguage\":\"en-US\"},{\"@type\":\"Organization\",\"@id\":\"https:\/\/kiberatunghessen.com\/#organization\",\"name\":\"KI Beratung Hessen\",\"url\":\"https:\/\/kiberatunghessen.com\/\",\"logo\":{\"@type\":\"ImageObject\",\"inLanguage\":\"en-US\",\"@id\":\"https:\/\/kiberatunghessen.com\/#\/schema\/logo\/image\/\",\"url\":\"https:\/\/kiberatunghessen.com\/wp-content\/uploads\/2024\/03\/kibh3.png\",\"contentUrl\":\"https:\/\/kiberatunghessen.com\/wp-content\/uploads\/2024\/03\/kibh3.png\",\"width\":1050,\"height\":367,\"caption\":\"KI Beratung Hessen\"},\"image\":{\"@id\":\"https:\/\/kiberatunghessen.com\/#\/schema\/logo\/image\/\"}}]}<\/script>\n<!-- \/ Yoast SEO plugin. -->","yoast_head_json":{"title":"Vertraulichkeit - KI Beratung Hessen","robots":{"index":"index","follow":"follow","max-snippet":"max-snippet:-1","max-image-preview":"max-image-preview:large","max-video-preview":"max-video-preview:-1"},"canonical":"https:\/\/kiberatunghessen.com\/index.php\/elementor-page-689\/","og_locale":"en_US","og_type":"article","og_title":"Vertraulichkeit - KI Beratung Hessen","og_description":"Definitionen Der Herausgeber: Die nat\u00fcrliche oder juristische Person, die Online-Kommunikationsdienste ver\u00f6ffentlicht. Die Webseite: Alle Websites, Internetseiten und Online-Dienste, die vom Herausgeber angeboten werden. Der Benutzer: Die Person, die die Webseite und die Dienste nutzt. 1. Art der gesammelten Daten Im Rahmen der Nutzung der Webseiten kann der Herausgeber folgende Kategorien von Daten \u00fcber seine Benutzer [&hellip;]","og_url":"https:\/\/kiberatunghessen.com\/index.php\/elementor-page-689\/","og_site_name":"KI Beratung Hessen","article_modified_time":"2026-01-12T10:40:43+00:00","og_image":[{"width":512,"height":512,"url":"https:\/\/kiberatunghessen.com\/wp-content\/uploads\/2025\/05\/cropped-ChatGPT-Image-22.-Mai-2025-06_32_08-2.png","type":"image\/png"}],"twitter_card":"summary_large_image","twitter_misc":{"Est. reading time":"3 minutes"},"schema":{"@context":"https:\/\/schema.org","@graph":[{"@type":"WebPage","@id":"https:\/\/kiberatunghessen.com\/index.php\/elementor-page-689\/","url":"https:\/\/kiberatunghessen.com\/index.php\/elementor-page-689\/","name":"Vertraulichkeit - KI Beratung Hessen","isPartOf":{"@id":"https:\/\/kiberatunghessen.com\/#website"},"primaryImageOfPage":{"@id":"https:\/\/kiberatunghessen.com\/index.php\/elementor-page-689\/#primaryimage"},"image":{"@id":"https:\/\/kiberatunghessen.com\/index.php\/elementor-page-689\/#primaryimage"},"thumbnailUrl":"https:\/\/kiberatunghessen.com\/wp-content\/uploads\/2025\/05\/cropped-ChatGPT-Image-22.-Mai-2025-06_32_08-2.png","datePublished":"2024-03-21T17:04:06+00:00","dateModified":"2026-01-12T10:40:43+00:00","breadcrumb":{"@id":"https:\/\/kiberatunghessen.com\/index.php\/elementor-page-689\/#breadcrumb"},"inLanguage":"en-US","potentialAction":[{"@type":"ReadAction","target":["https:\/\/kiberatunghessen.com\/index.php\/elementor-page-689\/"]}]},{"@type":"ImageObject","inLanguage":"en-US","@id":"https:\/\/kiberatunghessen.com\/index.php\/elementor-page-689\/#primaryimage","url":"https:\/\/kiberatunghessen.com\/wp-content\/uploads\/2025\/05\/cropped-ChatGPT-Image-22.-Mai-2025-06_32_08-2.png","contentUrl":"https:\/\/kiberatunghessen.com\/wp-content\/uploads\/2025\/05\/cropped-ChatGPT-Image-22.-Mai-2025-06_32_08-2.png","width":512,"height":512},{"@type":"BreadcrumbList","@id":"https:\/\/kiberatunghessen.com\/index.php\/elementor-page-689\/#breadcrumb","itemListElement":[{"@type":"ListItem","position":1,"name":"Startseite","item":"https:\/\/kiberatunghessen.com\/"},{"@type":"ListItem","position":2,"name":"Vertraulichkeit"}]},{"@type":"WebSite","@id":"https:\/\/kiberatunghessen.com\/#website","url":"https:\/\/kiberatunghessen.com\/","name":"KI Beratung Hessen","description":"Ihr Weg zur KI-Exzellenz","publisher":{"@id":"https:\/\/kiberatunghessen.com\/#organization"},"potentialAction":[{"@type":"SearchAction","target":{"@type":"EntryPoint","urlTemplate":"https:\/\/kiberatunghessen.com\/?s={search_term_string}"},"query-input":"required name=search_term_string"}],"inLanguage":"en-US"},{"@type":"Organization","@id":"https:\/\/kiberatunghessen.com\/#organization","name":"KI Beratung Hessen","url":"https:\/\/kiberatunghessen.com\/","logo":{"@type":"ImageObject","inLanguage":"en-US","@id":"https:\/\/kiberatunghessen.com\/#\/schema\/logo\/image\/","url":"https:\/\/kiberatunghessen.com\/wp-content\/uploads\/2024\/03\/kibh3.png","contentUrl":"https:\/\/kiberatunghessen.com\/wp-content\/uploads\/2024\/03\/kibh3.png","width":1050,"height":367,"caption":"KI Beratung Hessen"},"image":{"@id":"https:\/\/kiberatunghessen.com\/#\/schema\/logo\/image\/"}}]}},"_links":{"self":[{"href":"https:\/\/kiberatunghessen.com\/index.php\/wp-json\/wp\/v2\/pages\/3"}],"collection":[{"href":"https:\/\/kiberatunghessen.com\/index.php\/wp-json\/wp\/v2\/pages"}],"about":[{"href":"https:\/\/kiberatunghessen.com\/index.php\/wp-json\/wp\/v2\/types\/page"}],"author":[{"embeddable":true,"href":"https:\/\/kiberatunghessen.com\/index.php\/wp-json\/wp\/v2\/users\/1"}],"replies":[{"embeddable":true,"href":"https:\/\/kiberatunghessen.com\/index.php\/wp-json\/wp\/v2\/comments?post=3"}],"version-history":[{"count":4,"href":"https:\/\/kiberatunghessen.com\/index.php\/wp-json\/wp\/v2\/pages\/3\/revisions"}],"predecessor-version":[{"id":320,"href":"https:\/\/kiberatunghessen.com\/index.php\/wp-json\/wp\/v2\/pages\/3\/revisions\/320"}],"wp:featuredmedia":[{"embeddable":true,"href":"https:\/\/kiberatunghessen.com\/index.php\/wp-json\/wp\/v2\/media\/786"}],"wp:attachment":[{"href":"https:\/\/kiberatunghessen.com\/index.php\/wp-json\/wp\/v2\/media?parent=3"}],"curies":[{"name":"wp","href":"https:\/\/api.w.org\/{rel}","templated":true}]}}